{"id":23,"date":"2019-11-22T09:19:46","date_gmt":"2019-11-22T08:19:46","guid":{"rendered":"https:\/\/www.kindermusik-augsburg.de\/?page_id=23"},"modified":"2025-01-29T10:55:33","modified_gmt":"2025-01-29T09:55:33","slug":"willkommen","status":"publish","type":"page","link":"https:\/\/www.kindermusik-augsburg.de\/","title":{"rendered":"Willkommen"},"content":{"rendered":"\n<h2 class=\"wp-block-heading\">Herzlich willkommen im Musikgarten!<\/h2>\n\n\n\n<p>Wir singen und spielen, tanzen und musizieren miteinander. Wir erfahren die Klangwelten von Naturinstrumenten und die Facetten der eigenen Stimme.<\/p>\n\n\n\n<h2 class=\"wp-block-heading\">Musikgarten ist<\/h2>\n\n\n\n<ul class=\"wp-block-list\">\n<li>Freude an der Musik<\/li>\n\n\n\n<li>Spa\u00df am Musizieren und Singen in der Gruppe<\/li>\n\n\n\n<li>besonders intensiver Kontakt von Kindern und Eltern.<\/li>\n<\/ul>\n\n\n\n<figure class=\"wp-block-image size-large\"><img loading=\"lazy\" decoding=\"async\" width=\"960\" height=\"640\" src=\"http:\/\/192.168.121.11:9032\/wp-content\/uploads\/2019\/11\/Musikgarten-im-Kreis1.jpg\" alt=\"\" class=\"wp-image-104\" srcset=\"https:\/\/www.kindermusik-augsburg.de\/wp-content\/uploads\/2019\/11\/Musikgarten-im-Kreis1.jpg 960w, https:\/\/www.kindermusik-augsburg.de\/wp-content\/uploads\/2019\/11\/Musikgarten-im-Kreis1-300x200.jpg 300w, https:\/\/www.kindermusik-augsburg.de\/wp-content\/uploads\/2019\/11\/Musikgarten-im-Kreis1-768x512.jpg 768w, https:\/\/www.kindermusik-augsburg.de\/wp-content\/uploads\/2019\/11\/Musikgarten-im-Kreis1-450x300.jpg 450w\" sizes=\"auto, (max-width: 960px) 100vw, 960px\" \/><\/figure>\n\n\n\n<p>Seit vier Jahren finden einige unsrer Kurse auch drau\u00dfen statt. Hier erleben Kinder und Eltern die einzigartige Erfahrung, den Wechsel der Jahreszeiten musikalisch zu begleiten: Wir hei\u00dfen den Fr\u00fchling mit Trommeln willkommen, wir feiern die Sonne und tanzen f\u00fcr den Regen. Wir begleiten den Wind auf unseren Instrumenten und singen den ersten Blumen ein Lied.<\/p>\n\n\n\n<p><\/p>\n\n\n\n<p> Musikgarten ist ein Konzept der musikalischen Fr\u00fcherziehung f\u00fcr Kinder   ab sechs Monaten bis zum Vorschulalter. Zusammen mit Mama, Papa oder   Gro\u00dfeltern tauchen die Kleinen in die Welt der Musik ein. Einfache   Lieder, Kniereiter und T\u00e4nze wecken die bereits bei jedem Kind   vorhandene Musikalit\u00e4t. Das praxisbezogene Unterrichtskonzept sorgt   daf\u00fcr, dass die Gro\u00dfen und Kleinen am Erlernten auch zuhause Spa\u00df haben.   <\/p>\n\n\n\n<p><a href=\"http:\/\/192.168.121.11:9032\/index.php\/ablauf-einer-musikgarten-stunde\/\">Hier geht es zum Ablauf einer typischen Musikgartenstunde.<\/a><\/p>\n\n\n\n<h2 class=\"wp-block-heading\">Musik macht schlau!<\/h2>\n\n\n\n<p>&#8230;das hat jeder schon einmal geh\u00f6rt \u2014 aber warum?<br>Forschungsergebnisse zeigen, dass positive Wechselbeziehungen zwischen musikalischer Fr\u00fcherziehung und der Gehirnentwicklung vorliegen. Nonverbale F\u00e4higkeiten \u2014 insbesondere im motorischen Bereich \u2014 sowie auditive und verbale F\u00e4higkeiten von im Vorschulalter musikalisch gef\u00f6rderten Kindern sind im Vergleich zu anderen Kindern verbessert. Musikalische Fr\u00fchf\u00f6rderung erh\u00f6ht die Aufmerksamkeits- und Ged\u00e4chtnisleistung: das Lernen f\u00e4llt den Kindern sp\u00e4ter in der Schule leichter.<\/p>\n\n\n\n<h2 class=\"wp-block-heading\">Musik erm\u00f6glicht Integration<\/h2>\n\n\n\n<p>Die universelle Sprache der Musik erm\u00f6glicht es uns miteinander in Kontakt zu treten, zu kommunizieren und die gleiche Freude miteinander zu empfinden.<\/p>\n\n\n\n<p>Auch wenn Babies noch keine verbale Sprache haben, auch wenn Kinder mit Migrationshintergrund eine andere Muttersprache sprechen, auch wenn Kinder mit Behinderungen auf ihre Art kommunizieren \u2013 in der Musik finden sie zueinander und erhalten ein Medium, um sich auszudr\u00fccken. Sie f\u00fchlen sich als gleichwertiger Teil einer Gruppe und teilen die sch\u00f6nen Erlebnisse.<\/p>\n","protected":false},"excerpt":{"rendered":"<p>Herzlich willkommen im Musikgarten! Wir singen und spielen, tanzen und musizieren miteinander. Wir erfahren die Klangwelten von Naturinstrumenten und die Facetten der eigenen Stimme. Musikgarten ist Seit vier Jahren finden einige unsrer Kurse auch drau\u00dfen statt. Hier erleben Kinder und &hellip; <a href=\"https:\/\/www.kindermusik-augsburg.de\/\">Continue reading <span class=\"meta-nav\">&rarr;<\/span><\/a><\/p>\n","protected":false},"author":1,"featured_media":0,"parent":0,"menu_order":0,"comment_status":"closed","ping_status":"closed","template":"","meta":{"footnotes":""},"class_list":["post-23","page","type-page","status-publish","hentry"],"_links":{"self":[{"href":"https:\/\/www.kindermusik-augsburg.de\/index.php\/wp-json\/wp\/v2\/pages\/23","targetHints":{"allow":["GET"]}}],"collection":[{"href":"https:\/\/www.kindermusik-augsburg.de\/index.php\/wp-json\/wp\/v2\/pages"}],"about":[{"href":"https:\/\/www.kindermusik-augsburg.de\/index.php\/wp-json\/wp\/v2\/types\/page"}],"author":[{"embeddable":true,"href":"https:\/\/www.kindermusik-augsburg.de\/index.php\/wp-json\/wp\/v2\/users\/1"}],"replies":[{"embeddable":true,"href":"https:\/\/www.kindermusik-augsburg.de\/index.php\/wp-json\/wp\/v2\/comments?post=23"}],"version-history":[{"count":21,"href":"https:\/\/www.kindermusik-augsburg.de\/index.php\/wp-json\/wp\/v2\/pages\/23\/revisions"}],"predecessor-version":[{"id":957,"href":"https:\/\/www.kindermusik-augsburg.de\/index.php\/wp-json\/wp\/v2\/pages\/23\/revisions\/957"}],"wp:attachment":[{"href":"https:\/\/www.kindermusik-augsburg.de\/index.php\/wp-json\/wp\/v2\/media?parent=23"}],"curies":[{"name":"wp","href":"https:\/\/api.w.org\/{rel}","templated":true}]}}