{"id":25,"date":"2019-11-22T09:19:46","date_gmt":"2019-11-22T08:19:46","guid":{"rendered":"https:\/\/www.kindermusik-augsburg.de\/?page_id=25"},"modified":"2020-10-13T18:58:48","modified_gmt":"2020-10-13T16:58:48","slug":"kursinhalte","status":"publish","type":"page","link":"https:\/\/www.kindermusik-augsburg.de\/index.php\/kursinhalte\/","title":{"rendered":"Kursinhalte"},"content":{"rendered":"\n<div class=\"wp-block-columns is-layout-flex wp-container-core-columns-is-layout-9d6595d7 wp-block-columns-is-layout-flex\">\n<div class=\"wp-block-column is-layout-flow wp-block-column-is-layout-flow\">\n<figure class=\"wp-block-image size-large\"><img loading=\"lazy\" decoding=\"async\" width=\"1024\" height=\"768\" src=\"http:\/\/test.kindermusik.softskillconsult.de\/wp-content\/uploads\/2019\/11\/IMG-20181115-WA0007-1024x768.jpg\" alt=\"\" class=\"wp-image-88\" srcset=\"https:\/\/www.kindermusik-augsburg.de\/wp-content\/uploads\/2019\/11\/IMG-20181115-WA0007-1024x768.jpg 1024w, https:\/\/www.kindermusik-augsburg.de\/wp-content\/uploads\/2019\/11\/IMG-20181115-WA0007-300x225.jpg 300w, https:\/\/www.kindermusik-augsburg.de\/wp-content\/uploads\/2019\/11\/IMG-20181115-WA0007-768x576.jpg 768w, https:\/\/www.kindermusik-augsburg.de\/wp-content\/uploads\/2019\/11\/IMG-20181115-WA0007-1536x1152.jpg 1536w, https:\/\/www.kindermusik-augsburg.de\/wp-content\/uploads\/2019\/11\/IMG-20181115-WA0007-400x300.jpg 400w, https:\/\/www.kindermusik-augsburg.de\/wp-content\/uploads\/2019\/11\/IMG-20181115-WA0007.jpg 1600w\" sizes=\"auto, (max-width: 1024px) 100vw, 1024px\" \/><\/figure>\n<\/div>\n\n\n\n<div class=\"wp-block-column is-layout-flow wp-block-column-is-layout-flow\">\n<figure class=\"wp-block-image size-large\"><img loading=\"lazy\" decoding=\"async\" width=\"1024\" height=\"768\" src=\"http:\/\/test.kindermusik.softskillconsult.de\/wp-content\/uploads\/2019\/11\/IMG-20181115-WA0051-1024x768.jpg\" alt=\"\" class=\"wp-image-96\" srcset=\"https:\/\/www.kindermusik-augsburg.de\/wp-content\/uploads\/2019\/11\/IMG-20181115-WA0051-1024x768.jpg 1024w, https:\/\/www.kindermusik-augsburg.de\/wp-content\/uploads\/2019\/11\/IMG-20181115-WA0051-300x225.jpg 300w, https:\/\/www.kindermusik-augsburg.de\/wp-content\/uploads\/2019\/11\/IMG-20181115-WA0051-768x576.jpg 768w, https:\/\/www.kindermusik-augsburg.de\/wp-content\/uploads\/2019\/11\/IMG-20181115-WA0051-1536x1152.jpg 1536w, https:\/\/www.kindermusik-augsburg.de\/wp-content\/uploads\/2019\/11\/IMG-20181115-WA0051-400x300.jpg 400w, https:\/\/www.kindermusik-augsburg.de\/wp-content\/uploads\/2019\/11\/IMG-20181115-WA0051.jpg 1600w\" sizes=\"auto, (max-width: 1024px) 100vw, 1024px\" \/><\/figure>\n<\/div>\n<\/div>\n\n\n\n<h2 class=\"wp-block-heading\">Musikgarten f\u00fcr Babys<\/h2>\n\n\n\n<p>Gemeinsames Musizieren und Musikh\u00f6ren in dieser fr\u00fchen Phase ist f\u00fcr das Kind &#8222;Nahrung&#8220; f\u00fcr K\u00f6rper, Geist und Seele. Die Kinder lernen erste Lieder, Reime, Kniereiter und T\u00e4nze kennen. Das Wiedererkennen bereitet ihnen gro\u00dfe Freude. Sie machen erste Erfahrungen mit Rasseln und Klangh\u00f6lzern, und erfreuen sich an bunten T\u00fcchern, die zur Musik bewegt werden.<\/p>\n\n\n\n<h2 class=\"wp-block-heading\">Musikgarten f\u00fcr Kleinkinder<\/h2>\n\n\n\n<p>Dieser Kurs geht auf den wachsenden Erlebnisraum der Kinder ein. Die Themen hei\u00dfen &#8222;Zuhause&#8220;, &#8222;Tierwelt&#8220;, &#8222;Beim Spiel&#8220; und &#8222;Drau\u00dfen&#8220;. Der immer gr\u00f6\u00dfer werdenden Selbst\u00e4ndigkeit der Kinder wird mit interaktiven Spielen und Freiraum f\u00fcr eigene Gestaltungsideen Rechnung getragen.<\/p>\n\n\n\n<h2 class=\"wp-block-heading\">Musikgarten f\u00fcr Kindergartenkinder<\/h2>\n\n\n\n<p>Im Kindergartenalter nehmen die Kinder den Ablauf des Jahres wahr. Die Themen orientieren sich an den Jahreszeiten und der Natur. W\u00e4hrend die Kinder sich allm\u00e4hlich vom Scho\u00df der Eltern l\u00f6sen und ihre Unabh\u00e4ngigkeit erproben r\u00fcckt das Gruppenerlebnis in den Mittelpunkt.<\/p>\n\n\n\n<p><h2>1st MUSIC KIDS &#8211; Orientierungskurs mit 4 Instrumenten ab 4 Jahren<\/h2><\/p>\n\n\n\n<p>Die Kinder lernen die ersten \u201erichtigen\u201c Instrumente \u2013 Blockfl\u00f6te, Gitarre, Klavier und Bongos \u2013 kennen und entdecken ihre Talente und Vorlieben. In kindgerechten Gr\u00f6\u00dfen erm\u00f6glichen die Instrumente auch Vorschulkindern, die verschiedenen Klangspektren und ihre Handhabung auszuprobieren.<\/p>\n\n\n\n<p>Jedes Kind bekommt f\u00fcr die Dauer des Kurses seine eigenen Instrumente mit nach Hause. Eine geringe Leihgeb\u00fchr kommt zum Kurspreis hinzu.<\/p>\n\n\n\n<p>Der 1st MUSIC KIDS Orientierungskurs ist die ideale Fortsetzung des Musikgartens bzw. der musikalischen Fr\u00fcherziehung und bereitet auf den Instrumentalunterricht vor. Zu jedem Instrument erlernen die Kinder spielerisch erste Grundlagen, erste T\u00f6ne und Liedchen. Zudem erhalten sie Einblicke in die Notenschrift.<\/p>\n\n\n\n<h2 class=\"wp-block-heading\">Musik, Tanz und Entspannung f\u00fcr Schwangere<\/h2>\n\n\n\n<p>Musik und Tanz machen gl\u00fccklich und halten fit. Und wenn es der Mama gut geht, f\u00fchlt sich auch das ungeborene Kind wohl und bekommt optimale Voraussetzungen f\u00fcr seine Entwicklung. Deshalb stehen Spa\u00df und Freude am gemeinsamen Singen, Musizieren und Tanzen sowie die Entspannung bei der Musik im Fokus der Musikstunde.&nbsp;Ab der 20. Schwangerschaftswoche ist das Ohr des F\u00f6tus fertig ausgebildet. Es lernt Mamas Stimme und die ersten Wiegenlieder kennen, mit denen es sich sp\u00e4ter leichter beruhigen lassen kann. Auch der Austausch der werdenden Mamas untereinander soll nicht zu kurz kommen, eine Teepause lockert den Vormittag auf. Teilnehmen k\u00f6nnen alle werdenden Mamas, von der Fr\u00fchschwangerschaft bis kurz vor dem Geburtstermin.<\/p>\n","protected":false},"excerpt":{"rendered":"<p>Musikgarten f\u00fcr Babys Gemeinsames Musizieren und Musikh\u00f6ren in dieser fr\u00fchen Phase ist f\u00fcr das Kind &#8222;Nahrung&#8220; f\u00fcr K\u00f6rper, Geist und Seele. Die Kinder lernen erste Lieder, Reime, Kniereiter und T\u00e4nze kennen. Das Wiedererkennen bereitet ihnen gro\u00dfe Freude. Sie machen erste &hellip; <a href=\"https:\/\/www.kindermusik-augsburg.de\/index.php\/kursinhalte\/\">Continue reading <span class=\"meta-nav\">&rarr;<\/span><\/a><\/p>\n","protected":false},"author":1,"featured_media":0,"parent":0,"menu_order":0,"comment_status":"closed","ping_status":"closed","template":"","meta":{"footnotes":""},"class_list":["post-25","page","type-page","status-publish","hentry"],"_links":{"self":[{"href":"https:\/\/www.kindermusik-augsburg.de\/index.php\/wp-json\/wp\/v2\/pages\/25","targetHints":{"allow":["GET"]}}],"collection":[{"href":"https:\/\/www.kindermusik-augsburg.de\/index.php\/wp-json\/wp\/v2\/pages"}],"about":[{"href":"https:\/\/www.kindermusik-augsburg.de\/index.php\/wp-json\/wp\/v2\/types\/page"}],"author":[{"embeddable":true,"href":"https:\/\/www.kindermusik-augsburg.de\/index.php\/wp-json\/wp\/v2\/users\/1"}],"replies":[{"embeddable":true,"href":"https:\/\/www.kindermusik-augsburg.de\/index.php\/wp-json\/wp\/v2\/comments?post=25"}],"version-history":[{"count":7,"href":"https:\/\/www.kindermusik-augsburg.de\/index.php\/wp-json\/wp\/v2\/pages\/25\/revisions"}],"predecessor-version":[{"id":459,"href":"https:\/\/www.kindermusik-augsburg.de\/index.php\/wp-json\/wp\/v2\/pages\/25\/revisions\/459"}],"wp:attachment":[{"href":"https:\/\/www.kindermusik-augsburg.de\/index.php\/wp-json\/wp\/v2\/media?parent=25"}],"curies":[{"name":"wp","href":"https:\/\/api.w.org\/{rel}","templated":true}]}}