{"id":29,"date":"2019-11-22T09:19:46","date_gmt":"2019-11-22T08:19:46","guid":{"rendered":"https:\/\/www.kindermusik-augsburg.de\/?page_id=29"},"modified":"2020-10-13T15:26:39","modified_gmt":"2020-10-13T13:26:39","slug":"kursleitung","status":"publish","type":"page","link":"https:\/\/www.kindermusik-augsburg.de\/index.php\/kursleitung\/","title":{"rendered":"Kursleitung"},"content":{"rendered":"\n<h2 class=\"wp-block-heading\">Christiane S\u00e1ndor<br><\/h2>\n\n\n\n<div class=\"wp-block-columns is-layout-flex wp-container-core-columns-is-layout-9d6595d7 wp-block-columns-is-layout-flex\">\n<div class=\"wp-block-column is-layout-flow wp-block-column-is-layout-flow\" style=\"flex-basis:33.33%\">\n<p>&#8222;Ohne Musik w\u00e4re das Leben ein Irrtum.&#8220; <\/p>\n\n\n\n<p>(Friedrich Nietzsche)<\/p>\n\n\n\n<p>Die Musik umgibt mich schon mein ganzes Leben lang. In einem Musiklehrerhaushalt aufgewachsen spielte ich Lieder auf der Fl\u00f6te bevor ich Noten lesen konnte. Viele Chor- und Solokonzerte, Musikhochschulseminare, Klavier- und Gesangstunden sp\u00e4ter entdeckte ich  zusammen mit meinen eigenen Kindern, welche Freude schon S\u00e4uglinge an der  Musik haben. Seitdem (seit 2011)\u00a0 besch\u00e4ftige ich mich intensiv mit  musikalischer Fr\u00fchf\u00f6rderung von Babies, Kleinkindern und  Kindergartenkindern. <\/p>\n<\/div>\n\n\n\n<div class=\"wp-block-column is-layout-flow wp-block-column-is-layout-flow\" style=\"flex-basis:66.66%\">\n<figure class=\"wp-block-image size-large\"><img loading=\"lazy\" decoding=\"async\" width=\"768\" height=\"1024\" src=\"http:\/\/test.kindermusik.softskillconsult.de\/wp-content\/uploads\/2020\/10\/Christiane10_20-768x1024.jpg\" alt=\"\" class=\"wp-image-319\" srcset=\"https:\/\/www.kindermusik-augsburg.de\/wp-content\/uploads\/2020\/10\/Christiane10_20-768x1024.jpg 768w, https:\/\/www.kindermusik-augsburg.de\/wp-content\/uploads\/2020\/10\/Christiane10_20-225x300.jpg 225w, https:\/\/www.kindermusik-augsburg.de\/wp-content\/uploads\/2020\/10\/Christiane10_20-1152x1536.jpg 1152w, https:\/\/www.kindermusik-augsburg.de\/wp-content\/uploads\/2020\/10\/Christiane10_20-1536x2048.jpg 1536w, https:\/\/www.kindermusik-augsburg.de\/wp-content\/uploads\/2020\/10\/Christiane10_20-scaled.jpg 1920w\" sizes=\"auto, (max-width: 768px) 100vw, 768px\" \/><\/figure>\n<\/div>\n<\/div>\n\n\n\n<p><\/p>\n","protected":false},"excerpt":{"rendered":"<p>Christiane S\u00e1ndor &#8222;Ohne Musik w\u00e4re das Leben ein Irrtum.&#8220; (Friedrich Nietzsche) Die Musik umgibt mich schon mein ganzes Leben lang. In einem Musiklehrerhaushalt aufgewachsen spielte ich Lieder auf der Fl\u00f6te bevor ich Noten lesen konnte. Viele Chor- und Solokonzerte, Musikhochschulseminare, &hellip; <a href=\"https:\/\/www.kindermusik-augsburg.de\/index.php\/kursleitung\/\">Continue reading <span class=\"meta-nav\">&rarr;<\/span><\/a><\/p>\n","protected":false},"author":1,"featured_media":0,"parent":0,"menu_order":0,"comment_status":"closed","ping_status":"closed","template":"","meta":{"footnotes":""},"class_list":["post-29","page","type-page","status-publish","hentry"],"_links":{"self":[{"href":"https:\/\/www.kindermusik-augsburg.de\/index.php\/wp-json\/wp\/v2\/pages\/29","targetHints":{"allow":["GET"]}}],"collection":[{"href":"https:\/\/www.kindermusik-augsburg.de\/index.php\/wp-json\/wp\/v2\/pages"}],"about":[{"href":"https:\/\/www.kindermusik-augsburg.de\/index.php\/wp-json\/wp\/v2\/types\/page"}],"author":[{"embeddable":true,"href":"https:\/\/www.kindermusik-augsburg.de\/index.php\/wp-json\/wp\/v2\/users\/1"}],"replies":[{"embeddable":true,"href":"https:\/\/www.kindermusik-augsburg.de\/index.php\/wp-json\/wp\/v2\/comments?post=29"}],"version-history":[{"count":4,"href":"https:\/\/www.kindermusik-augsburg.de\/index.php\/wp-json\/wp\/v2\/pages\/29\/revisions"}],"predecessor-version":[{"id":322,"href":"https:\/\/www.kindermusik-augsburg.de\/index.php\/wp-json\/wp\/v2\/pages\/29\/revisions\/322"}],"wp:attachment":[{"href":"https:\/\/www.kindermusik-augsburg.de\/index.php\/wp-json\/wp\/v2\/media?parent=29"}],"curies":[{"name":"wp","href":"https:\/\/api.w.org\/{rel}","templated":true}]}}